omposite?
True
Is 36169 prime?
False
Is 445139 prime?
False
Is 19831 a composite number?
True
Is 340819 a composite number?
False
Is 77219 a composite number?
True
Is 6247 prime?
True
Is 209045 a prime number?
False
Is 141619 prime?
True
Is 9939 a prime number?
False
Is 7969 prime?
False
Is 42061 a composite number?
False
Is 118453 a prime number?
True
Is 197819 a composite number?
True
Is 26671 a prime number?
False
Is 300299 a composite number?
False
Is 100907 a prime number?
True
Is 39502 a composite number?
True
Is 34871 a prime number?
True
Is 32393 prime?
False
Is 8407 prime?
False
Is 35467 composite?
True
Is 1397 prime?
False
Is 27449 a prime number?
True
Is 120091 a composite number?
False
Is 4265 composite?
True
Is 62255 prime?
False
Is 69191 composite?
False
Is 29839 a prime number?
False
Is 8191 composite?
False
Is 257783 a prime number?
True
Is 11699 composite?
False
Is 1055567 a composite number?
False
Is 1106243 a prime number?
True
Is 251821 a prime number?
False
Is 191303 a composite number?
True
Is 157453 a composite number?
True
Is 41047 a prime number?
True
Is 36589 composite?
True
Is 65063 composite?
False
Is 21269 a composite number?
False
Is 3149 a prime number?
False
Is 274139 a prime number?
True
Is 201437 prime?
True
Is 47023 composite?
True
Is 4553147 a composite number?
False
Is 2014267 a prime number?
True
Is 9617 composite?
True
Is 2563 prime?
False
Is 10771 prime?
True
Is 67927 a prime number?
True
Is 6667 a prime number?
False
Is 203867 prime?
False
Is 10559 a composite number?
False
Is 23459 a composite number?
False
Is 16991 prime?
False
Is 35293 composite?
True
Is 169489 composite?
False
Is 1624579 composite?
True
Is 19354 a composite number?
True
Is 98207 composite?
False
Is 1152395 composite?
True
Is 240197 a prime number?
True
Is 9155 prime?
False
Is 4223 a composite number?
True
Is 337993 prime?
False
Is 29429 a prime number?
True
Is 534685 a prime number?
False
Is 20714 composite?
True
Is 24715 a composite number?
True
Is 5209 composite?
False
Is 509 composite?
False
Is 192274 a composite number?
True
Is 1709 prime?
True
Is 342331 composite?
True
Is 21178 composite?
True
Is 40141 composite?
True
Is 1187047 a composite number?
False
Is 7853 prime?
True
Is 689 composite?
True
Is 13291 a composite number?
False
Is 1234011 a composite number?
True
Is 16217 composite?
False
Is 334447 a composite number?
False
Is 434711 a prime number?
False
Is 5905 a composite number?
True
Is 92179 composite?
False
Is 38543 composite?
False
Is 13001 prime?
True
Is 10771 a composite number?
False
Is 9237 prime?
False
Is 2251343 a composite number?
False
Is 75122 composite?
True
Is 3491 composite?
False
Is 132115 prime?
False
Is 362 a composite number?
True
Is 135881 a prime number?
False
Is 912043 prime?
False
Is 8923 composite?
False
Is 210215 prime?
False
Is 267821 a prime number?
False
Is 65267 a composite number?
False
Is 15727 prime?
True
Is 29221 composite?
False
Is 4103 a prime number?
False
Is 242083 a prime number?
True
Is 14113 composite?
True
Is 87449 prime?
False
Is 44327 prime?
False
Is 139553 a composite number?
True
Is 506327 a prime number?
True
Is 25409 a composite number?
False
Is 154034 a prime number?
False
Is 127 a prime number?
True
Is 2168423 composite?
True
Is 186437 prime?
True
Is 1577 a prime number?
False
Is 135887 prime?
True
Is 176153 a prime number?
True
Is 120041 prime?
True
Is 3061 a prime number?
True
Is 6433 composite?
True
Is 221629 prime?
False
Is 240623 prime?
True
Is 13211 a prime number?
False
Is 5089 prime?
False
Is 21961 a composite number?
False
Is 23563 a prime number?
True
Is 116695 a composite number?
True
Is 3017 a prime number?
False
Is 4227 prime?
False
Is 38833 a composite number?
False
Is 257626 a prime number?
False
Is 209021 a composite number?
False
Is 2293103 composite?
False
Is 439174 prime?
False
Is 3571 composite?
False
Is 13067 prime?
False
Is 55291 prime?
True
Is 7817 prime?
True
Is 852793 a prime number?
True
Is 20761 a prime number?
False
Is 24889 a composite number?
False
Is 12511 composite?
False
Is 243371 a prime number?
False
Is 8407 a prime number?
False
Is 91601 a composite number?
True
Is 4873 composite?
True
Is 41467 a composite number?
False
Is 12319 a composite number?
True
Is 9031 composite?
True
Is 5476361 prime?
False
Is 65103 a prime number?
False
Is 24253 prime?
False
Is 100769 a prime number?
True
Is 7349 a prime number?
True
Is 44167 prime?
False
Is 31811 a prime number?
False
Is 11029 prime?
False
Is 69491 prime?
True
Is 3199031 prime?
False
Is 62297 a prime number?
True
Is 31469 composite?
False
Is 10537 a prime number?
False
Is 2741 a composite number?
False
Is 4499 a prime number?
False
Is 11383 a composite number?
False
Is 34439 a prime number?
True
Is 586553 a composite number?
True
Is 36853 a prime number?
False
Is 100019 a composite number?
False
Is 108397 prime?
False
Is 41443 a prime number?
True
Is 25889 prime?
True
Is 936263 composite?
True
Is 79603 prime?
False
Is 228131 prime?
True
Is 147607 a prime number?
True
Is 6317 a prime number?
True
Is 22759 composite?
True
Is 56519 prime?
True
Is 154949 a prime number?
False
Is 8285 prime?
False
Is 18637 prime?
True
Is 95177 prime?
True
Is 2237 a composite number?
False
Is 300463 composite?
False
Is 27631 prime?
True
Is 1177 a composite number?
True
Is 28687 a prime number?
True
Is 28789 a composite number?
False
Is 332687 a composite number?
False
Is 215101 composite?
True
Is 1690401 a prime number?
False
Is 15727 prime?
True
Is 89203 composite?
False
Is 1894 a prime number?
False
Is 529 a prime number?
False
Is 3907 composite?
False
Is 79579 a prime number?
True
Is 948665 a composite number?
True
Is 273841 composite?
True
Is 327793 composite?
True
Is 81611 composite?
False
Is 6947 a prime number?
True
Is 26393 composite?
False
Is 18514 prime?
False
Is 19289 composite?
False
Is 175666 a prime number?
False
Is 308307 a prime number?
False
Is 26434 a prime number?
False
Is 854501 a prime number?
False
Is 13057 composite?
True
Is 17729 a prime number?
True
Is 30143 a prime number?
False
Is 170113 a prime number?
False
Is 20431 composite?
False
Is 286103 prime?
True
Is 689 composite?
True
Is 6502 composite?
True
Is 10061 a prime number?
True
Is 533711 a prime number?
True
Is 431089 prime?
False
Is 1019123 a prime number?
False
Is 2858 a prime number?
False
Is 2104743 a composite number?
True
Is 6503 a prime number?
False
Is 44563 composite?
False
Is 30947 prime?
False
Is 1707 prime?
False
Is 34387 a composite number?
True
Is 387791 a prime number?
True
Is 228953 composite?
False
Is 6559 composite?
True
Is 21415 composite?
True
Is 163397 a prime number?
False
Is 1369 composite?
True
Is 175541 composite?
True
Is 168319 prime?
False
Is 26293 composite?
False
Is 784435 a composite number?
True
Is 187507 prime?
True
Is 9267 a prime number?
False
Is 1037129 a composite number?
False
Is 38693 composite?
False
Is 7829 a prime number?
True
Is 79529 a composite number?
True
Is 768667 a composite number?
True
Is 15401 a composite number?
False
Is 25969 a composite number?
False
Is 45307 a prime number?
True
Is 159911 a prime number?
True
Is 3039551 prime?
True
Is 82939 prime?
True
Is 31687 prime?
True
Is 43115 a prime number?
False
Is 2039 a prime number?
True
Is 61063 composite?
True
Is 201671 a composite number?
True
Is 7873 composite?
False
Is 1092979 a prime number?
False
Is 1921967 composite?
False
Is 66647 composite?
True
Is 280889 a prime number?
False
Is 338027 a prime number?
True
Is 11231 a composite number?
True
Is 2249 a composite number?
True
Is 758551 composite?
False
Is 27121 a composite number?
True
Is 2179 composite?
False
Is 24889 prime?
True
Is 1361 composite?
False
Is 737 composite?
True
Is 1670789 a composite number?
True
Is 567683 a composite number?
True
Is 63634 composite?
True
Is 2644847 prime?
True
Is 3669 prime?
False
Is 100829 a composite number?
False
Is 65281 a composite number?
True
Is 794831 prime?
True
Is 38083 prime?
True
Is 38405 a composite number?
True
Is 184735 composite?
True
Is 76121 a composite number?
True
Is 462827 composite?
False
Is 2245 prime?
False
Is 5027 a prime number?
False
Is 7607 a composite number?
False
Is 539069 a prime number?
False
Is 1831 composi